ommon factor of 3 and p.
3
Suppose 0 = 6*d - 4*d - 6. Suppose 0 = -d*j - 36 + 444. Let k(c) = -11*c + 556. Let z be k(49). What is the highest common factor of j and z?
17
Suppose 2*p = -9*z + 7*z, 10 = 3*z - 2*p. Suppose -84 = -s + 2*k - 0*k, -z*s + k = -177. What is the greatest common factor of 120 and s?
30
Let m = -27278 - -27440. What is the highest common divisor of m and 8181?
81
Let c(r) = r - 5. Let a(o) = 6*o - 1. Let m be a(2). Let z be c(m). Let y be 9/1*2/(z/9). What is the greatest common divisor of 27 and y?
27
Let h = -129 - -255. Let w be 12/18 - 52/(-3). What is the greatest common factor of w and h?
18
Let r = -94 - -121. Suppose 0 = 3*t - 2*c - 48, -10*t + 12*t = 3*c + r. Calculate the greatest common divisor of t and 450.
18
Let a(p) = 4*p**2 - 122 + 5*p**2 + 130 + 16*p. Let y be a(-5). Let g(c) = 12*c - 6. Let s be g(9). What is the greatest common factor of y and s?
51
Suppose 8291*h = 8319*h - 9072. Calculate the greatest common factor of 20574 and h.
162
Let h(u) be the third derivative of u**5/15 - 31*u**4/24 - 14*u**3/3 + 26*u**2. Let l be h(12). What is the highest common factor of l and 132?
44
Let n(k) = 4*k**3 - 3*k**2 - 2. Let j be n(3). Suppose -152 = 19*m + 285. Let a = m + j. Calculate the greatest common divisor of 42 and a.
14
Suppose 209 + 806 = 145*j. Calculate the greatest common divisor of j and 2933.
7
Let t be 65689/(-39)*-3 + -15. What is the greatest common factor of t and 22?
22
Let t be ((-1450)/(-210) - 10/(-105)) + 96/12. What is the highest common divisor of t and 420?
15
Suppose 147*s - 122*s = 750. What is the highest common factor of 660 and s?
30
Let x(v) = -158*v**3 - 5*v**2 - 4*v - 2. Let n be x(3). Let l be n/(-125) - 6/(-15). Calculate the greatest common divisor of l and 21.
7
Let t be (-9)/(-6) + (-118)/4. Let y = t - -30. Suppose -3*q + 397 = 5*f, -138 = -y*f - 0*q + 4*q. What is the highest common factor of f and 7?
7
Let v = 345 - 336. Let m(y) = -y**3 + 10*y**2 - 2*y - 34. Let n be m(v). What is the greatest common divisor of 232 and n?
29
Suppose -55*c + 394*c = 400510 + 384275. Calculate the greatest common factor of c and 15.
5
Suppose -42 = -3*w - 210. Let u = w + -4. Let q be (4/(-3))/(40/u). Calculate the greatest common factor of 16 and q.
2
Let a(p) be the second derivative of 0 + 21/2*p**2 + 4*p + 3/2*p**3. Let q be a(5). Calculate the greatest common factor of q and 6.
6
Suppose 0 = -69*q + 66*q - 1059. Let h = q + 590. Calculate the highest common factor of 395 and h.
79
Suppose -4*h + 23334 = 3*i, 3*h - 17538 = 65*i - 61*i. Calculate the highest common divisor of h and 168.
42
Let i(f) = f**2 + 14*f + 20. Suppose 7*y + 98 = -0*y. Let p be i(y). Let h = p + -4. What is the greatest common factor of h and 112?
16
Let l(r) = -8*r**3 - 46*r**2 - 188*r - 30. Let d be l(-14). Calculate the greatest common factor of d and 34.
34
Let y = 235 + -233. Suppose 4*k - y = 18. Calculate the highest common factor of 155 and k.
5
Suppose 0 = 5*s - 3*w - 65 - 814, 0 = -s - 5*w + 159. Let h = -45706 - -45822. Calculate the highest common factor of h and s.
58
Let x = 10271 - 10255. Calculate the greatest common factor of x and 144.
16
Let t(b) = -2*b**2 - 73*b - 386. Let s be t(-30). What is the highest common factor of 76 and s?
4
Suppose -4*v = 1169 - 2715 - 13986. Calculate the highest common factor of v and 44.
11
Let x(b) = 2*b**2 + 10*b - 60. Let n be x(7). Let s be 80 + -4*3/(-12). What is the greatest common factor of s and n?
27
Suppose -5*x = -3*h + 478, -7*x = -4*h - 5*x + 684. Let u be 36/((-4)/(16/(-6))). Calculate the greatest common factor of u and h.
8
Let q = 15579 + -14769. What is the highest common factor of q and 225?
45
Let x be 2*(42/(-7) - -5144). Calculate the highest common factor of 28 and x.
28
Let m = -13477 - -14214. What is the highest common divisor of m and 469?
67
Let q = -122 + -406. Let b = -375 - q. Calculate the greatest common factor of b and 27.
9
Let c = 15973 - 15658. Calculate the greatest common divisor of c and 189.
63
Let i = -18 + 106. Let u be (-6594)/(-33) + 16/i. What is the highest common divisor of 8 and u?
8
Let a = -15 - -34. Suppose -23 = 3*z - y, 4*z - a = -4*y - 55. Let g be 2*(-2)/(z/18). Calculate the greatest common factor of g and 1.
1
Let r = 7039 - -2666. Calculate the greatest common factor of 15 and r.
15
Let t = 665 - 663. Suppose 4*k - 810 - 3050 = -4*v, -t*v + 964 = k. Calculate the greatest common factor of 42 and k.
42
Let z = -15 + -21. Let o = z + 42. Suppose y = -4*w - 2, 4*y - o*w = -5*w + 9. What is the greatest common divisor of y and 26?
2
Let y = -4557 + 6857. What is the highest common factor of y and 10?
10
Suppose -4*x + 5*o = -17668, 4040 = -5*x + 3*o + 26138. Calculate the greatest common divisor of 1005 and x.
201
Suppose -4*k - 4*g = -608, g + 148 = -2*k + 3*k. Suppose 0 = -8*z - 17*z + k. Calculate the greatest common factor of 276 and z.
6
Let w(v) = v + 21. Let g be w(-19). Suppose -g*j + 220 = 2*j. Suppose 2 = i - 3. What is the greatest common divisor of j and i?
5
Let v = 118 + -123. Let k be (-336)/(-3) - (v + 5 + 0). What is the greatest common divisor of k and 64?
16
Let a(r) = 11*r + 45. Let j be a(-3). Let b(w) = w**3 - 14*w**2 + 27*w + 16. Let o be b(j). What is the greatest common divisor of o and 52?
52
Suppose 17*b - 21*b = -3*q - 1207, -4*b + 4*q + 1208 = 0. What is the greatest common factor of 86 and b?
43
Let a be (-1 + 8 - 5) + (-188)/2. Let s = a + 227. Calculate the highest common factor of s and 54.
27
Suppose 2*p + 0*p - 4 = 0. Let r be (-28)/(-2)*1/p. Let f(w) = w**3 - 83*w**2 - 1180*w - 6500. Let j be f(96). Calculate the highest common divisor of r and j.
7
Let y = 809 - 798. Let u = 755 - 403. What is the greatest common divisor of u and y?
11
Suppose -j + 13 = 3*y + 6, j + 2*y = 8. Let v be -187*4/(-4) + 3. What is the greatest common divisor of j and v?
10
Let u(s) be the third derivative of -s**4/4 + 47*s**3 - 154*s**2. Let v be u(-4). What is the greatest common divisor of 204 and v?
102
Let q(p) = p**3 - 7*p**2 - 31*p + 155. Let g be q(10). Calculate the greatest common divisor of g and 667.
29
Let g = 84 + -80. Let i be (g + 1 - -1) + -4. Suppose -2*d = i*d + 2*c - 126, -4*d - c = -123. Calculate the highest common divisor of 75 and d.
15
Suppose -m - 12 = -5*m. Let q(r) = 13469*r + 13550. Let t be q(-1). What is the greatest common divisor of t and m?
3
Suppose 5*i + 4*m + 1611 - 493 = 0, 0 = 5*i + 5*m + 1120. Let r = 267 + i. What is the greatest common divisor of r and 60?
15
Suppose 0 = 2*w + c + 30 + 32, -2*w - 78 = -3*c. Let r = w - -40. Calculate the greatest common factor of 28 and r.
7
Let w = -6207 - -6387. What is the highest common factor of w and 1152?
36
Let n = 26361 + -26289. What is the greatest common factor of 639 and n?
9
Let z = 26723 + -26644. What is the greatest common divisor of 30257 and z?
79
Let x be 23342/2 + ((-24)/(-72))/(1/(-15)). What is the greatest common divisor of x and 76?
38
Let m = -1359 - -2207. What is the highest common factor of m and 16?
16
Let k = -100 - -286. Let y = 94 - k. Let v = -64 - y. What is the greatest common divisor of 14 and v?
14
Suppose 3*n + 56 = 2*d, d - 30 = n + n. Let g = -220 + 224. Let z be g + 4255/40 + (-6)/16. What is the highest common divisor of z and d?
22
Let d(m) be the third derivative of m**4/12 - m**3/6 - 44*m**2. Let r be d(4). What is the greatest common divisor of r and 112?
7
Suppose f - 7*u + 5*u = 229, -4*f - 5*u = -968. What is the greatest common divisor of f and 15?
3
Let r(b) = 35 - 21 - 15 - 2*b. Let h be r(-10). What is the greatest common divisor of 209 and h?
19
Let j be 164/2 + (0 - 1). Let a = 544101 + -544095. What is the greatest common divisor of a and j?
3
Let k = -7 - -38. Let a(h) = h**3 - 15*h**2 - 29 + 80 - 30 + 4*h**2 + 11*h. Let p be a(10). What is the highest common divisor of k and p?
31
Let h = -2122 + 2281. Calculate the greatest common factor of h and 10653.
159
Suppose 5*v - 2 = u, -7*v + 2*u = -2*v - 4. Let c = 3 - 0. Suppose -3*x - 10 = -5*x - s, v = -4*x - c*s + 22. Calculate the highest common divisor of x and 32.
4
Let l be (1 - (-70)/(-2))*370/(-148). Calculate the greatest common divisor of l and 323.
17
Let k be (-846 - 7 - 7)*-1*1. Calculate the g